{"id":637,"date":"2021-03-22T18:48:16","date_gmt":"2021-03-22T18:48:16","guid":{"rendered":"https:\/\/asociacioneuc.org\/?page_id=637"},"modified":"2026-03-11T10:44:23","modified_gmt":"2026-03-11T10:44:23","slug":"proximoeuc","status":"publish","type":"page","link":"https:\/\/asociacioneuc.org\/index.php\/proximoeuc\/","title":{"rendered":"PR\u00d3XIMO EUC"},"content":{"rendered":"<p>[et_pb_section fb_built=\u00bb1&#8243; admin_label=\u00bbServices Section\u00bb _builder_version=\u00bb4.15&#8243; background_enable_color=\u00bboff\u00bb min_height=\u00bb465.2px\u00bb custom_margin=\u00bb5px||0px|||\u00bb custom_padding=\u00bb23px|0px|19px|0px||\u00bb locked=\u00bboff\u00bb global_colors_info=\u00bb{}\u00bb][et_pb_row custom_padding_last_edited=\u00bbon|phone\u00bb admin_label=\u00bbPackages Title\u00bb _builder_version=\u00bb4.15&#8243; custom_margin_tablet=\u00bb-38px||||false|false\u00bb custom_margin_phone=\u00bb-40px||||false|false\u00bb custom_margin_last_edited=\u00bbon|phone\u00bb custom_padding=\u00bb0px|0px|21px|0px||\u00bb custom_padding_tablet=\u00bb60px||0px|\u00bb custom_padding_phone=\u00bb\u00bb locked=\u00bboff\u00bb global_colors_info=\u00bb{}\u00bb][et_pb_column type=\u00bb4_4&#8243; _builder_version=\u00bb4.15&#8243; custom_padding=\u00bb|||\u00bb global_colors_info=\u00bb{}\u00bb custom_padding__hover=\u00bb|||\u00bb][et_pb_text _builder_version=\u00bb4.15&#8243; text_font=\u00bb||||\u00bb text_text_color=\u00bb#1a1a1a\u00bb header_font=\u00bbOswald|on||on|\u00bb header_text_align=\u00bbcenter\u00bb header_font_size=\u00bb60px\u00bb header_line_height=\u00bb1.3em\u00bb module_alignment=\u00bbcenter\u00bb custom_margin=\u00bb-15px||-33px|||\u00bb custom_padding=\u00bb||0px|||\u00bb animation_style=\u00bbslide\u00bb animation_direction=\u00bbtop\u00bb animation_intensity_slide=\u00bb10%\u00bb text_font_size_tablet=\u00bb\u00bb text_font_size_phone=\u00bb22px\u00bb text_font_size_last_edited=\u00bbon|phone\u00bb header_font_size_tablet=\u00bb\u00bb header_font_size_phone=\u00bb50px\u00bb header_font_size_last_edited=\u00bbon|phone\u00bb header_line_height_tablet=\u00bb\u00bb header_line_height_phone=\u00bb1em\u00bb header_line_height_last_edited=\u00bbon|phone\u00bb locked=\u00bboff\u00bb inline_fonts=\u00bbZeyada\u00bb global_colors_info=\u00bb{}\u00bb]<\/p>\n<h1><strong><span style=\"font-family: Zeyada;\">Pr\u00f3ximo Euc<\/span><\/strong><\/h1>\n<p>[\/et_pb_text][et_pb_divider color=\u00bb#ff6600&#8243; divider_position=\u00bbcenter\u00bb divider_weight=\u00bb3px\u00bb disabled_on=\u00bboff|off|off\u00bb _builder_version=\u00bb4.15&#8243; max_width=\u00bb150px\u00bb module_alignment=\u00bbcenter\u00bb height=\u00bbfalse\u00bb custom_margin=\u00bb30px|||\u00bb animation_style=\u00bbslide\u00bb animation_direction=\u00bbtop\u00bb animation_delay=\u00bb100ms\u00bb animation_intensity_slide=\u00bb10%\u00bb locked=\u00bboff\u00bb global_colors_info=\u00bb{}\u00bb][\/et_pb_divider][\/et_pb_column][\/et_pb_row][et_pb_row column_structure=\u00bb1_5,3_5,1_5&#8243; _builder_version=\u00bb4.15.1&#8243; _module_preset=\u00bbdefault\u00bb width=\u00bb100%\u00bb width_tablet=\u00bb\u00bb width_phone=\u00bb90%\u00bb width_last_edited=\u00bbon|phone\u00bb max_width=\u00bb1237px\u00bb custom_margin=\u00bb|auto||141px||\u00bb custom_margin_tablet=\u00bb|auto||141px||\u00bb custom_margin_phone=\u00bb-19px|||10px|false|false\u00bb custom_margin_last_edited=\u00bbon|phone\u00bb custom_padding=\u00bb4px|||0px||\u00bb global_colors_info=\u00bb{}\u00bb][et_pb_column type=\u00bb1_5&#8243; _builder_version=\u00bb4.15&#8243; _module_preset=\u00bbdefault\u00bb global_colors_info=\u00bb{}\u00bb][et_pb_text content_tablet=\u00bb<\/p>\n<p style=%22text-align: center;%22><span style=%22font-family: Montserrat; font-weight: normal;%22><span style=%22color: #0c0b0a;%22>Los Encuentros de Universitarios<br \/>se realizan dos veces al a\u00f1o: <\/span><br \/><span style=%22color: #0c0b0a;%22>a finales de febrero y de octubre<\/span>.<\/span><\/p>\n<div class=%22et_pb_text_inner%22>\n<div data-shortcode-id=%220.1.0.0-1725033388373%22 data-quickaccess-editable=%22yes%22 class=%22et-fb-popover-tinymce%22>\n<div class=%22mce-content-body%22 contenteditable=%22true%22 style=%22position: relative;%22>\n<p style=%22text-align: center;%22><span style=%22text-decoration: underline;%22>Pr\u00f3ximo Encuentro: <\/span><span style=%22font-family: Montserrat; font-weight: normal;%22><\/span><\/p>\n<p style=%22text-align: center;%22><strong>6 -8 Marzo, en \u00c1vila<\/strong><\/p>\n<\/div>\n<\/div>\n<\/div>\n<p style=%22text-align: center;%22>\u00bb content_phone=\u00bb<\/p>\n<p style=%22text-align: center;%22><span style=%22font-family: Montserrat; font-weight: normal;%22><span style=%22color: #0c0b0a;%22>Los Encuentros de Universitarios<br \/>se realizan dos veces al a\u00f1o: <\/span><br \/><span style=%22color: #0c0b0a;%22>a finales de febrero y de octubre<\/span>.<\/span><\/p>\n<div class=%22et_pb_text_inner%22>\n<div data-shortcode-id=%220.1.0.0-1725033388373%22 data-quickaccess-editable=%22yes%22 class=%22et-fb-popover-tinymce%22>\n<div class=%22mce-content-body%22 contenteditable=%22true%22 style=%22position: relative;%22>\n<p style=%22text-align: center;%22><span style=%22text-decoration: underline;%22>Pr\u00f3ximo Encuentro: <\/span><span style=%22font-family: Montserrat; font-weight: normal;%22><\/span><\/p>\n<p style=%22text-align: center;%22><b>6 -8 Marzo, en \u00c1vila<\/b><\/p>\n<p style=%22text-align: left;%22>\n<\/div>\n<\/div>\n<\/div>\n<p style=%22text-align: center;%22>\u00bb content_last_edited=\u00bbon|tablet\u00bb _builder_version=\u00bb4.15.1&#8243; _module_preset=\u00bbdefault\u00bb text_font=\u00bbMontserrat||||||||\u00bb text_text_color=\u00bb#75848f\u00bb text_font_size=\u00bb18px\u00bb text_line_height=\u00bb1.8em\u00bb header_font=\u00bb||||||||\u00bb header_text_align=\u00bbcenter\u00bb header_line_height=\u00bb1.4em\u00bb header_2_font=\u00bbMontserrat||||||||\u00bb header_2_text_align=\u00bbcenter\u00bb header_2_font_size=\u00bb40px\u00bb header_2_line_height=\u00bb1.5em\u00bb text_orientation=\u00bbcenter\u00bb width=\u00bb111%\u00bb max_width=\u00bb111%\u00bb min_height_tablet=\u00bb\u00bb min_height_phone=\u00bb185px\u00bb min_height_last_edited=\u00bbon|phone\u00bb height_tablet=\u00bb\u00bb height_phone=\u00bb100px\u00bb height_last_edited=\u00bbon|phone\u00bb custom_margin=\u00bb|-203px|15px|29px||\u00bb custom_margin_tablet=\u00bb14px||25px|-171px|false|false\u00bb custom_margin_phone=\u00bb14px|-203px|-5px|-343px|false|false\u00bb custom_margin_last_edited=\u00bbon|phone\u00bb custom_padding=\u00bb|0px|0px|0px||\u00bb custom_padding_tablet=\u00bb\u00bb custom_padding_phone=\u00bb12px||||false|false\u00bb custom_padding_last_edited=\u00bbon|phone\u00bb text_font_size_tablet=\u00bb16px\u00bb text_font_size_phone=\u00bb16px\u00bb text_font_size_last_edited=\u00bbon|phone\u00bb text_line_height_tablet=\u00bb\u00bb text_line_height_phone=\u00bb1.6em\u00bb text_line_height_last_edited=\u00bbon|phone\u00bb header_font_size_tablet=\u00bb\u00bb header_font_size_phone=\u00bb30px\u00bb header_font_size_last_edited=\u00bbon|phone\u00bb header_2_font_size_tablet=\u00bb35px\u00bb header_2_font_size_phone=\u00bb35px\u00bb header_2_font_size_last_edited=\u00bbon|phone\u00bb text_orientation_tablet=\u00bb\u00bb text_orientation_phone=\u00bbcenter\u00bb text_orientation_last_edited=\u00bbon|phone\u00bb module_alignment_tablet=\u00bb\u00bb module_alignment_phone=\u00bbcenter\u00bb module_alignment_last_edited=\u00bbon|phone\u00bb inline_fonts=\u00bbMontserrat\u00bb global_colors_info=\u00bb{}\u00bb]<\/p>\n<p style=\"text-align: center;\"><span style=\"font-family: Montserrat; font-weight: normal;\"><span style=\"color: #0c0b0a;\">Los Encuentros de Universitarios<br \/>se realizan<br \/>dos veces al a\u00f1o: <\/span><br \/><span style=\"color: #0c0b0a;\">a finales de febrero<br \/>y de octubre<\/span>.<\/span><\/p>\n<p style=\"text-align: center;\"><span style=\"text-decoration: underline;\">Pr\u00f3ximo Encuentro:\u00a0<\/span><span style=\"font-family: Montserrat; font-weight: normal;\"><\/span><\/p>\n<p style=\"text-align: center;\"><strong>23-25 octubre, en \u00c1vila<\/strong><\/p>\n<p style=\"text-align: left;\"><span style=\"font-family: Montserrat; font-weight: normal;\"><\/span><\/p>\n<p>[\/et_pb_text][et_pb_countdown_timer title=\u00bbPr\u00f3ximo Encuentro de Universitarios\u00bb date_time=\u00bb2026-10-23 20:00&#8243; _builder_version=\u00bb4.15.1&#8243; _module_preset=\u00bbdefault\u00bb header_font=\u00bbMontserrat||||||||\u00bb header_font_size=\u00bb22px\u00bb background_enable_color=\u00bboff\u00bb use_background_color=\u00bboff\u00bb background_layout=\u00bblight\u00bb width=\u00bb125%\u00bb custom_margin=\u00bb14px||29px|14px|false|false\u00bb custom_margin_tablet=\u00bb|65px||-177px|false|false\u00bb custom_margin_phone=\u00bb-3px|-24px|18px|-25px|false|false\u00bb custom_margin_last_edited=\u00bbon|tablet\u00bb custom_padding=\u00bb0px|||||\u00bb hover_enabled=\u00bb0&#8243; global_colors_info=\u00bb{}\u00bb sticky_enabled=\u00bb0&#8243;][\/et_pb_countdown_timer][et_pb_button url_new_window=\u00bbon\u00bb button_text=\u00bbDescarga el programa\u00bb button_alignment=\u00bbcenter\u00bb disabled_on=\u00bboff|off|off\u00bb _builder_version=\u00bb4.15.1&#8243; _module_preset=\u00bbdefault\u00bb custom_button=\u00bbon\u00bb button_text_size=\u00bb15px\u00bb button_text_color=\u00bb#0078F0&#8243; custom_margin=\u00bb|-52px|8px|11px|false|false\u00bb custom_margin_tablet=\u00bb|174px||-77px|false|false\u00bb custom_margin_phone=\u00bb|52px||71px|false|false\u00bb custom_margin_last_edited=\u00bbon|phone\u00bb custom_padding=\u00bb4px|6px||0px||\u00bb hover_enabled=\u00bb0&#8243; global_colors_info=\u00bb{}\u00bb sticky_enabled=\u00bb0&#8243;][\/et_pb_button][et_pb_button url_new_window=\u00bbon\u00bb button_text=\u00bbDescarga el cartel\u00bb button_alignment=\u00bbcenter\u00bb disabled_on=\u00bboff|off|off\u00bb _builder_version=\u00bb4.15.1&#8243; _module_preset=\u00bbdefault\u00bb custom_button=\u00bbon\u00bb button_text_size=\u00bb15px\u00bb button_text_color=\u00bb#00CE90&#8243; custom_margin=\u00bb|-52px|17px|11px|false|false\u00bb custom_margin_tablet=\u00bb|174px||-77px|false|false\u00bb custom_margin_phone=\u00bb|52px||71px|false|false\u00bb custom_margin_last_edited=\u00bbon|phone\u00bb custom_padding=\u00bb4px|6px||0px||\u00bb hover_enabled=\u00bb0&#8243; global_colors_info=\u00bb{}\u00bb sticky_enabled=\u00bb0&#8243;][\/et_pb_button][et_pb_button button_url=\u00bb@ET-DC@eyJkeW5hbWljIjp0cnVlLCJjb250ZW50IjoicG9zdF9saW5rX3VybF9wYWdlIiwic2V0dGluZ3MiOnsicG9zdF9pZCI6IjU0MSJ9fQ==@\u00bb button_text=\u00bbAccede a los anteriores Encuentros\u00bb button_alignment=\u00bbcenter\u00bb disabled_on=\u00bboff|off|off\u00bb _builder_version=\u00bb4.15.1&#8243; _dynamic_attributes=\u00bbbutton_url\u00bb _module_preset=\u00bbdefault\u00bb custom_button=\u00bbon\u00bb button_text_size=\u00bb14px\u00bb button_text_color=\u00bb#ff6600&#8243; button_font=\u00bbMontserrat||||||||\u00bb custom_margin=\u00bb|-64px|20px|14px|false|false\u00bb custom_margin_tablet=\u00bb|351px||99px|false|false\u00bb custom_margin_phone=\u00bb|5px||13px|false|false\u00bb custom_margin_last_edited=\u00bbon|tablet\u00bb custom_padding=\u00bb|0px|4px|0px||\u00bb global_colors_info=\u00bb{}\u00bb][\/et_pb_button][et_pb_text disabled_on=\u00bboff|off|off\u00bb _builder_version=\u00bb4.15.1&#8243; _module_preset=\u00bbdefault\u00bb text_font=\u00bbMontserrat|800|||||||\u00bb header_font=\u00bbMontserrat||||||||\u00bb custom_margin=\u00bb24px|-73px|-36px|-81px|false|false\u00bb custom_margin_tablet=\u00bb|152px|||false|false\u00bb custom_margin_phone=\u00bb|69px||73px|false|false\u00bb custom_margin_last_edited=\u00bbon|desktop\u00bb custom_padding=\u00bb||8px|||\u00bb link_option_url_new_window=\u00bbon\u00bb hover_enabled=\u00bb0&#8243; global_colors_info=\u00bb{}\u00bb sticky_enabled=\u00bb0&#8243;]<\/p>\n<h4 style=\"text-align: center;\"><a href=\"https:\/\/asociacioneuc.org\/wp-content\/uploads\/2026\/01\/Normas-comunicaciones-Avila-2026-87-EUC.pdf\"><span style=\"color: #000000;\"><strong>Normas para las comunicaciones<\/strong><\/span><\/a><\/h4>\n<p>[\/et_pb_text][\/et_pb_column][et_pb_column type=\u00bb3_5&#8243; _builder_version=\u00bb4.15&#8243; _module_preset=\u00bbdefault\u00bb global_colors_info=\u00bb{}\u00bb][et_pb_image src=\u00bbhttps:\/\/asociacioneuc.org\/wp-content\/uploads\/2021\/03\/ProximoEUCquedamenos.png\u00bb title_text=\u00bbPr\u00f3ximoEUCquedamenos\u00bb src_tablet=\u00bbhttps:\/\/asociacioneuc.org\/wp-content\/uploads\/2021\/03\/ProximoEUCquedamenos.png\u00bb src_phone=\u00bbhttps:\/\/asociacioneuc.org\/wp-content\/uploads\/2021\/03\/ProximoEUCquedamenos.png\u00bb src_last_edited=\u00bbon|phone\u00bb align_tablet=\u00bbright\u00bb align_phone=\u00bb\u00bb align_last_edited=\u00bbon|tablet\u00bb disabled_on=\u00bboff|off|off\u00bb _builder_version=\u00bb4.15.1&#8243; _module_preset=\u00bbdefault\u00bb width=\u00bb120.9%\u00bb width_tablet=\u00bb87%\u00bb width_phone=\u00bb130%\u00bb width_last_edited=\u00bbon|phone\u00bb custom_margin=\u00bb34px|||-82px||\u00bb custom_margin_tablet=\u00bb10px|123px||-86px|false|false\u00bb custom_margin_phone=\u00bb11px|128px|-16px|-63px|false|false\u00bb custom_margin_last_edited=\u00bbon|phone\u00bb custom_padding=\u00bb0px|66px|19px|111px||\u00bb hover_enabled=\u00bb0&#8243; global_colors_info=\u00bb{}\u00bb src__hover_enabled=\u00bboff|desktop\u00bb sticky_enabled=\u00bb0&#8243;][\/et_pb_image][\/et_pb_column][et_pb_column type=\u00bb1_5&#8243; _builder_version=\u00bb4.15&#8243; _module_preset=\u00bbdefault\u00bb global_colors_info=\u00bb{}\u00bb][et_pb_text _builder_version=\u00bb4.15.1&#8243; _module_preset=\u00bbdefault\u00bb text_font=\u00bbMontserrat||||||||\u00bb text_font_size=\u00bb16px\u00bb text_line_height=\u00bb1.2em\u00bb header_font=\u00bbMontserrat||||||||\u00bb width=\u00bb100%\u00bb custom_margin=\u00bb-11px|467px||-30px||\u00bb custom_margin_tablet=\u00bb-11px|240px||-82px|false|false\u00bb custom_margin_phone=\u00bb-11px|11px||12px|false|false\u00bb custom_margin_last_edited=\u00bbon|tablet\u00bb custom_padding=\u00bb5px|0px||0px||\u00bb hover_enabled=\u00bb0&#8243; inline_fonts=\u00bbABeeZee\u00bb global_colors_info=\u00bb{}\u00bb sticky_enabled=\u00bb0&#8243;]<\/p>\n<p style=\"text-align: center;\">PR\u00d3XIMO EUC<span style=\"color: #930031; font-size: large;\"><strong><\/strong><\/span><\/p>\n<p style=\"font-weight: 400; text-align: center;\"><strong>23-25 octubre 2026, en \u00c1vila<\/strong><strong><\/strong><\/p>\n<div><\/div>\n<div>\n<div>\n<div><\/div>\n<\/div>\n<\/div>\n<div>\n<div><\/div>\n<\/div>\n<p>[\/et_pb_text][\/et_pb_column][\/et_pb_row][\/et_pb_section]<\/p>\n","protected":false},"excerpt":{"rendered":"<p>Pr\u00f3ximo EucLos Encuentros de Universitariosse realizandos veces al a\u00f1o: a finales de febreroy de octubre. Pr\u00f3ximo Encuentro:\u00a0 23-25 octubre, en \u00c1vila Normas para las comunicacionesPR\u00d3XIMO EUC 23-25 octubre 2026, en \u00c1vila<\/p>\n","protected":false},"author":2,"featured_media":0,"parent":0,"menu_order":0,"comment_status":"closed","ping_status":"closed","template":"","meta":{"_et_pb_use_builder":"on","_et_pb_old_content":"","_et_gb_content_width":""},"_links":{"self":[{"href":"https:\/\/asociacioneuc.org\/index.php\/wp-json\/wp\/v2\/pages\/637"}],"collection":[{"href":"https:\/\/asociacioneuc.org\/index.php\/wp-json\/wp\/v2\/pages"}],"about":[{"href":"https:\/\/asociacioneuc.org\/index.php\/wp-json\/wp\/v2\/types\/page"}],"author":[{"embeddable":true,"href":"https:\/\/asociacioneuc.org\/index.php\/wp-json\/wp\/v2\/users\/2"}],"replies":[{"embeddable":true,"href":"https:\/\/asociacioneuc.org\/index.php\/wp-json\/wp\/v2\/comments?post=637"}],"version-history":[{"count":234,"href":"https:\/\/asociacioneuc.org\/index.php\/wp-json\/wp\/v2\/pages\/637\/revisions"}],"predecessor-version":[{"id":2775,"href":"https:\/\/asociacioneuc.org\/index.php\/wp-json\/wp\/v2\/pages\/637\/revisions\/2775"}],"wp:attachment":[{"href":"https:\/\/asociacioneuc.org\/index.php\/wp-json\/wp\/v2\/media?parent=637"}],"curies":[{"name":"wp","href":"https:\/\/api.w.org\/{rel}","templated":true}]}}