{"id":476,"date":"2021-03-18T17:23:04","date_gmt":"2021-03-18T17:23:04","guid":{"rendered":"https:\/\/asociacioneuc.org\/?page_id=476"},"modified":"2025-02-18T11:32:27","modified_gmt":"2025-02-18T11:32:27","slug":"listaconferencias","status":"publish","type":"page","link":"https:\/\/asociacioneuc.org\/index.php\/listaconferencias\/","title":{"rendered":"Lista de conferencias"},"content":{"rendered":"<p>[et_pb_section fb_built=\u00bb1&#8243; custom_padding_last_edited=\u00bbon|tablet\u00bb admin_label=\u00bbPackages\u00bb _builder_version=\u00bb4.15&#8243; custom_padding=\u00bb16px||110px|0px||\u00bb custom_padding_tablet=\u00bb0px||0px|\u00bb custom_padding_phone=\u00bb\u00bb global_colors_info=\u00bb{}\u00bb][et_pb_row column_structure=\u00bb3_4,1_4&#8243; _builder_version=\u00bb4.15&#8243; _module_preset=\u00bbdefault\u00bb custom_padding=\u00bb48px|||||\u00bb global_colors_info=\u00bb{}\u00bb][et_pb_column type=\u00bb3_4&#8243; _builder_version=\u00bb4.15&#8243; _module_preset=\u00bbdefault\u00bb global_colors_info=\u00bb{}\u00bb][et_pb_text _builder_version=\u00bb4.15&#8243; text_font=\u00bb||||\u00bb text_text_color=\u00bb#1a1a1a\u00bb header_font=\u00bbOswald|on||on|\u00bb header_text_align=\u00bbcenter\u00bb header_font_size=\u00bb60px\u00bb header_line_height=\u00bb1.3em\u00bb module_alignment=\u00bbcenter\u00bb min_height=\u00bb63px\u00bb custom_margin=\u00bb-71px||-13px|||\u00bb custom_padding=\u00bb32px||0px|||\u00bb animation_style=\u00bbslide\u00bb animation_direction=\u00bbtop\u00bb animation_intensity_slide=\u00bb10%\u00bb header_font_size_tablet=\u00bb50px\u00bb header_font_size_phone=\u00bb35px\u00bb header_font_size_last_edited=\u00bbon|phone\u00bb header_line_height_tablet=\u00bb\u00bb header_line_height_phone=\u00bb0.8em\u00bb header_line_height_last_edited=\u00bbon|phone\u00bb locked=\u00bboff\u00bb inline_fonts=\u00bbZeyada\u00bb global_colors_info=\u00bb{}\u00bb]<\/p>\n<h1><strong><span style=\"font-family: Zeyada;\">Lista de conferencias<\/span><\/strong><\/h1>\n<p>[\/et_pb_text][et_pb_divider color=\u00bb#ff6600&#8243; divider_position=\u00bbcenter\u00bb divider_weight=\u00bb3px\u00bb disabled_on=\u00bboff|off|off\u00bb _builder_version=\u00bb4.15&#8243; max_width=\u00bb150px\u00bb module_alignment=\u00bbcenter\u00bb height=\u00bbfalse\u00bb custom_margin=\u00bb30px|||\u00bb custom_margin_tablet=\u00bb\u00bb custom_margin_phone=\u00bb17px||-13px||false|false\u00bb custom_margin_last_edited=\u00bbon|phone\u00bb animation_style=\u00bbslide\u00bb animation_direction=\u00bbtop\u00bb animation_delay=\u00bb100ms\u00bb animation_intensity_slide=\u00bb10%\u00bb locked=\u00bboff\u00bb global_colors_info=\u00bb{}\u00bb][\/et_pb_divider][\/et_pb_column][et_pb_column type=\u00bb1_4&#8243; _builder_version=\u00bb4.15&#8243; _module_preset=\u00bbdefault\u00bb global_colors_info=\u00bb{}\u00bb][et_pb_button button_url=\u00bb@ET-DC@eyJkeW5hbWljIjp0cnVlLCJjb250ZW50IjoicG9zdF9saW5rX3VybF9wYWdlIiwic2V0dGluZ3MiOnsicG9zdF9pZCI6IjExMTEifX0=@\u00bb button_text=\u00bbLista de documentos\u00bb button_alignment=\u00bbcenter\u00bb disabled_on=\u00bbon|on|off\u00bb _builder_version=\u00bb4.11.1&#8243; _dynamic_attributes=\u00bbbutton_url\u00bb _module_preset=\u00bbdefault\u00bb custom_button=\u00bbon\u00bb button_text_size=\u00bb14px\u00bb button_text_color=\u00bb#ff6600&#8243; custom_margin=\u00bb||11px|||\u00bb global_colors_info=\u00bb{}\u00bb][\/et_pb_button][et_pb_button button_url=\u00bb@ET-DC@eyJkeW5hbWljIjp0cnVlLCJjb250ZW50IjoicG9zdF9saW5rX3VybF9wYWdlIiwic2V0dGluZ3MiOnsicG9zdF9pZCI6IjU0MSJ9fQ==@\u00bb button_text=\u00bbVolver a charlas por temas\u00bb button_alignment=\u00bbcenter\u00bb disabled_on=\u00bbon|on|off\u00bb _builder_version=\u00bb4.11.1&#8243; _dynamic_attributes=\u00bbbutton_url\u00bb _module_preset=\u00bbdefault\u00bb custom_button=\u00bbon\u00bb button_text_size=\u00bb14px\u00bb button_text_color=\u00bb#ff6600&#8243; global_colors_info=\u00bb{}\u00bb][\/et_pb_button][\/et_pb_column][\/et_pb_row][et_pb_row column_structure=\u00bb1_2,1_2&#8243; _builder_version=\u00bb4.15&#8243; _module_preset=\u00bbdefault\u00bb custom_padding=\u00bb35px|||||\u00bb global_colors_info=\u00bb{}\u00bb][et_pb_column type=\u00bb1_2&#8243; _builder_version=\u00bb4.15&#8243; _module_preset=\u00bbdefault\u00bb global_colors_info=\u00bb{}\u00bb][et_pb_text _builder_version=\u00bb4.15.1&#8243; _module_preset=\u00bbdefault\u00bb text_font=\u00bbMontserrat|500|||||||\u00bb text_font_size=\u00bb14px\u00bb text_line_height=\u00bb1.9em\u00bb width=\u00bb100%\u00bb custom_margin=\u00bb-27px||13px|||\u00bb custom_padding=\u00bb0px||1px|||\u00bb global_colors_info=\u00bb{}\u00bb]<\/p>\n<p><strong>85\u00b0 EUC: Por qu\u00e9 lo cl\u00e1sico es siempre trending<\/strong><strong style=\"font-size: 14px;\">\u00a0<\/strong><span style=\"font-size: 14px;\">(\u00c1vila febrero 2025)<\/span><\/p>\n<p>&#8211;\u00a0 \u00abPor qu\u00e9 todos los caminos llevan a&#8230; las Humanidades\u00bb, por <span style=\"background-color: #ffffff; font-size: 14px;\">Dra. Sara Gallardo<br \/>&#8211; \u00abHumanidades o Medicina, \u00bfamigas o enemigas?\u00bb, por Dr. Antonio Pardo Caballos<\/span><\/p>\n<p><strong>84\u00b0 EUC: Maternidad y paternidad \u00bfcuesti\u00f3n de modas? <\/strong>(Toledo octubre 2024)<br \/>&#8211; \u00abNo nos dio a luz un helic\u00f3ptero\u00bb, Dra. Mar\u00eda Calvo Charro<br \/>&#8211; \u00abMaternidad y paternidad, claves psicol\u00f3gicas para entender su ausencia y su presencia\u00bb, Dr. Tasio P\u00e9rez<br \/>&#8211; \u00abMaternidad y paternidad, qu\u00e9 se juega en el \u00e1mbito cl\u00ednico\u00bb, Dra. Mercedes S\u00e1nchez<\/p>\n<p><strong>83\u00b0 EUC: La diferencia tiene un plus <\/strong>(\u00c1vila febrero 2024)<br \/>&#8211; \u00abLa diferencia desde la biolog\u00eda\u00bb, por D. Julio Tudela<br \/>&#8211; \u00abLa diferencia desde la antropolog\u00eda\u00bb, por D\u00aa Carmen Chivite<br \/>&#8211; \u00abLa diferencia en la educaci\u00f3n\u00bb, por D\u00aa Inger Enkvist<\/p>\n<p><strong>82\u00b0 EUC: Agenda 2030: en el punto de mira<\/strong> (Valencia octubre 2023)<br \/>&#8211; \u00ab\u00bfQu\u00e9 hay de la persona?\u00bb, D. Higinio Mar\u00edn Pedre\u00f1o<br \/>&#8211; Mesa redonda: \u00abAgenda 2030: reflexiones sobre la igualdad y otros derechos\u00bb (D\u00aa Pilar Mar\u00eda Estell\u00e9s); \u00ab\u00bfEs sostenible el desarrollo sostenible?\u00bb (D\u00aa Mar\u00eda Jos\u00e9 Lucia\u00f1ez)<br \/>&#8211; \u00abAspectos filos\u00f3ficos y \u00e9ticos de la Agenda 2030\u00bb, D. Alfredo Marcos Mart\u00ednez<\/p>\n<p><strong>81\u00b0 EUC: Buscadores de la verdad <\/strong>(\u00c1vila febrero 2023)<br \/>&#8211; \u00abBenedicto XVI, una vida al servicio de la verdad\u00bb, D\u00aa Sara Gallardo<br \/>&#8211; \u00abBuscadores de la Verdad: John Henry Newman y J\u00e9r\u00f4me Jejeune\u00bb, D\u00aa Mar\u00eda Luisa Pro y D\u00aa Mercedes S\u00e1nchez<br \/>&#8211; \u00abAntonio Gaud\u00ed: un edificio, una vida\u00bb, D. Enrique Solana de Quesada.<\/p>\n<p><strong>80\u00b0 EUC: \u00bfTu verdad? \u00bfMi verdad? \u00a1La Verdad!<\/strong> (Valladolid octubre 2022)<br \/>&#8211; \u00ab\u00bfTe atreves con la verdad?\u00bb, D. Rafael Fayos<br \/>&#8211; \u00abLa verdad y la paz\u00bb, D. Leonardo Rodr\u00edguez Dupl\u00e1<br \/>&#8211; \u00abRaz\u00f3n y verdad en el \u00e1mbito universitario\u00bb, D\u00aa. Marcela Jim\u00e9nez Unquiles<strong><\/strong><\/p>\n<p><strong>79\u00b0 EUC: Verdad y Libertad: equilibrio en la balanza <\/strong>(\u00c1vila febrero 2022)<br \/>&#8211; \u00abLa verdad: entre el hombre y el h\u00e9roe\u00bb, D\u00aa. Esther G\u00f3mez de Pedro<\/p>\n<p>&#8211; \u00abLa verdad sigue siendo importante\u00bb, D. Jos\u00e9 Mar\u00eda Barrio<\/p>\n<p>&#8211; Mesa redonda: \u00abEn busca de la verdad. La verdad en la Ciencia, en la Educaci\u00f3n, en los Medios\u00bb, D. Nicol\u00e1s Jouve; D\u00aa M\u00aa Eugenia G\u00f3mez Sierra; D. Isidro Catela<\/p>\n<p><strong>78\u00b0 EUC: Asombrados por la diferencia IV <\/strong>(Online\u00a0 y puntos de encuentro, octubre 2021)<\/p>\n<p>&#8211; \u00abEl hombre entre cuatro amores\u00bb, D\u00aa Teresa Cid V\u00e1zquez<\/p>\n<p>&#8211; \u00abSentimenos y raz\u00f3n: \u00bfuna contradicci\u00f3n?, D. Mariano Crespo Sesmero<\/p>\n<p>&#8211; \u00abAl volante de la afectividad\u00bb, D\u00aa Sara Gallardo Gonz\u00e1lez<\/p>\n<p><strong>77\u00b0 EUC: Asombrados por la diferencia III <\/strong>(Online febrero 2021)<br \/>&#8211; \u00abEl espejismo de las emociones\u00bb, D. Rafael Fayos<br \/>&#8211; \u00abLas etapas del amor\u00bb, D\u00aa Esther G\u00f3mez<br \/>&#8211; \u00abSomos m\u00e1s grandes por dentro que por fuera\u00bb, D\u00aa Sara Gallardo y D. Eduardo Ortiz<br \/><strong><\/strong><\/p>\n<p><strong>76\u00b0 EUC: Asombrados por la diferencia II <\/strong>(Online octubre 2020)<br \/>&#8211; \u00ab\u00bfEl amor es evitable?\u00bb, D\u00aa Carmen M\u00aa Chivite<br \/>&#8211; \u00abEl amor, \u00bfcuesti\u00f3n de orden?\u00bb, D\u00aa Miriam Ramos<strong><br \/><\/strong>&#8211; \u00abEl secreto del coraz\u00f3n: devolver lo recibido\u00bb, D. Eduardo Ortiz<strong><br \/><\/strong>&#8211; \u00abAmores de pel\u00edculas\u00bb, D. Xos\u00e9 Manuel Dom\u00ednguez<strong><\/strong><\/p>\n<p><strong style=\"font-size: 14px;\">75\u00b0 EUC: Asombrados por la diferencia I <\/strong><span style=\"font-size: 14px;\">(\u00c1vila 2020)<br \/><\/span>&#8211; Seminario 1: \u00ab\u00bfQui\u00e9n?\u00bb, D\u00aa Sara Gallardo Gonz\u00e1lez<br \/>&#8211; Seminario 2: \u00ab\u00bfQu\u00e9?\u00bb, D\u00aa M\u00aa Jos\u00e9 Lucia\u00f1ez S\u00e1nchez<br \/>&#8211; Seminario 3: \u00ab\u00bfPara qu\u00e9?, D\u00aa Ana Risco L\u00e1zaro<br \/>&#8211; \u00abIdentidad \u00bfUnidad o fractura?; D. Julio Tudela<\/p>\n<p><strong>74\u00b0 EUC: Una Espa\u00f1a por descubrir III\u00a0<\/strong>(Valladolid 2019)<br \/>&#8211; \u00abLa nostalgia de las culturas perdidas\u00bb, D\u00aa Sara Gallardo Gonz\u00e1lez<br \/>&#8211; \u00abEl espa\u00f1ol en Am\u00e9rica: de lengua del poder al poder de la lengua\u00bb, D\u00aa Mar\u00eda Estornell Pons<br \/>&#8211; \u00abLa arquitectura espa\u00f1ola en Am\u00e9rica: presencia de Valores\u00bb, D. Antonio Mas-Gindal Lafarga<br \/><strong><\/strong><\/p>\n<p><strong>73\u00b0 EUC: Una Espa\u00f1a por descubrir II <\/strong>(\u00c1vila 2019)<br \/>&#8211; \u00abEl legado de una Reina para un nuevo mundo\u00bb, D\u00aa Carmen G\u00f3mez Mu\u00f1oz<br \/>&#8211; \u00abUna fe que transforma el mundo\u00bb, D\u00aa Margarita Cantera Montenegro<br \/>&#8211; \u00abEl origen de la Universidad en Hispanoam\u00e9rica en el s.XVI\u00bb, D. Jos\u00e9 Antonio Calvo G\u00f3mez<br \/><strong><\/strong><\/p>\n<p><strong>72\u00b0 EUC: Una Espa\u00f1a por descubrir\u00a0<\/strong>(C\u00f3rdoba 2018)<br \/>&#8211; \u00abTestigos para la Historia\u00bb, D. Pedro Nieto<br \/>&#8211; \u00ab\u00bfUna tierra de tres culturas?\u00bb, D. Jos\u00e9 Ram\u00edrez del R\u00edo<br \/>&#8211; \u00abEl juda\u00edsmo y su huella en la Edad Moderna\u00bb, D\u00aa. Mar\u00eda Antonia Bel Bravo<\/p>\n<p><strong>71\u00b0 EUC: Minor\u00edas creativas para una nueva Europa II\u00a0<\/strong>(\u00c1vila 2018)<br \/>&#8211; \u00abIsabel la Cat\u00f3lica, un reinado para el mundo, D\u00aa Carmen G\u00f3mez Mu\u00f1oz<br \/>&#8211; Mesa redonda: \u00abLa grandeza de una nueva cultura: Francisco de Vitoria, un legado para la Humanidad\u00bb, D. Javier G\u00f3mez D\u00edaz<br \/>&#8211; Mesa redonda: \u00abEspa\u00f1a y su misi\u00f3n en la Historia\u00bb, D. Jos\u00e9 Lu\u00eds Orella<br \/>&#8211; Mesa redonda: \u00abCambiar desde los cimientos: pol\u00edtica y medios de comunicaci\u00f3n\u00bb, D. Ignacio S\u00e1nchez C\u00e1mara, D. Francisco Marhuenda<strong><br \/><\/strong><\/p>\n<p><strong>70\u00b0 EUC: Minor\u00edas creativas para una nueva Europa I <\/strong>(Valencia 2017)<br \/>&#8211; \u00abEl amanecer de una nueva civilizaci\u00f3n: Benito de Nursia\u00bb, D. Alejandro Rodr\u00edguez de la Pe\u00f1a<br \/>&#8211; Mesa redonda: \u00abUn coraz\u00f3n nuevo para tranformar Europa: Cisneros, \u00cd\u00f1igo de Loyola\u00bb, D\u00aa Beatriz de Ancos, D. Jos\u00e9 Antonio Calvo<br \/>&#8211; Mesa redonda: \u00abCambiar desde los cimientos: familia y educaci\u00f3n\u00bb, D. Eduardo Ortiz, D\u00aa Teresa Cid<\/p>\n<p><strong>69\u00b0 EUC: Siglo XX, \u00bf\u00e9poca de cambios o cambio de \u00e9poca?\u00a0<\/strong>(\u00c1vila 2017)<br \/>&#8211; \u00abEl siglo XX, \u00bfun siglo de sombras?, D. Lu\u00eds Togores<br \/>&#8211; \u00abUn horizonte nuevo para una humanidad ca\u00edda\u00bb, D. Avelino Revilla<br \/>&#8211; \u00abChesterton, en el cristianismo encajan todas las piezas\u00bb, D. Juan Manuel de Prada<br \/><strong><\/strong><\/p>\n<p><strong>68\u00b0 EUC: Intelectuales ante Dios I<\/strong>\u00a0(Salamanca 2016)<br \/>&#8211; \u00abUna raz\u00f3n que ama: Lejeune\u00bb, D. Niccol\u00e1s Jouve de la Berda<br \/>&#8211; \u00abFascinados por la belleza: Gaud\u00ed\u00bb, D\u00aa Mar\u00eda Rodriguez Velasco<br \/>&#8211; Mesa redonda \u00abAtraidos por la verdad\u00bb, D. Fernando Sols Lucia; D\u00aa Sara Gallardo Gonz\u00e1lez<br \/><strong><\/strong><\/p>\n<p><strong>67\u00b0 EUC: Llamados a amar II<\/strong>\u00a0(\u00c1vila 2016)<br \/>&#8211; \u00abEl coraz\u00f3n de la mujer\u00bb, D\u00aa Lydia Jimenez<br \/>&#8211; \u00abCreados para el amor\u00bb, D. Antonio Castillo<br \/>&#8211; \u00abNeurobiolog\u00eda del amor\u00bb, D. Manuel Bouso\u00f1o<strong><br \/><\/strong><\/p>\n<p><strong>66\u00b0 EUC: Llamados a amar I<\/strong>\u00a0(Valladolid 2015)<br \/>&#8211; \u00abEl Evangelio, respuesta ante la crisis afectiva\u00bb, Mons. Jos\u00e9 Ignacio Munilla Aguirre<br \/>&#8211; \u00abEl cuerpo, \u00bfprotagonista de la personalidad?\u00bb, D\u00aa Marta Albert M\u00e1rquez<br \/>&#8211; \u00abAmor y libertad\u00bb, D. Eduardo Ortiz<br \/><strong><\/strong><\/p>\n<p><strong>65\u00b0 EUC: La pobreza tiene un rostro II<\/strong>\u00a0(\u00c1vila 2015)<br \/>&#8211; \u00abAspectos culturales que empobrecen al hombre\u00bb, D. Aurelio Fern\u00e1ndez Fern\u00e1ndez<br \/>&#8211; \u00ab\u00bfC\u00f3mo construir una sociedad verdaderamente humana?\u00bb, D\u00aa. Teresa Cid<br \/>&#8211; Mesa redonda: \u00abSobrevivir a una crisis\u00bb, D. Agust\u00edn Domingo Moratalla, D. Javier Fari\u00f1as Mart\u00edn<br \/><strong><\/strong><\/p>\n<p><strong>64\u00b0 EUC: La pobreza tiene un rostro I<\/strong>\u00a0(Valladolid 2014)<br \/>&#8211; \u00abSi inviertes, no hagas pobres\u00bb, D. Fernando Gim\u00e9nez Barriocanal<br \/>&#8211; \u00abLa grandeza se lleva en el ser\u00bb, D. Mariano Crespo Sesmero<br \/>&#8211; \u00abMirando a los ojos del otro\u00bb, D. Adolfo Rivas Fern\u00e1ndez<br \/><strong><\/strong><\/p>\n<p>&nbsp;<\/p>\n<p>[\/et_pb_text][et_pb_button button_url=\u00bb@ET-DC@eyJkeW5hbWljIjp0cnVlLCJjb250ZW50IjoicG9zdF9saW5rX3VybF9wYWdlIiwic2V0dGluZ3MiOnsicG9zdF9pZCI6IjExMTEifX0=@\u00bb button_text=\u00bbLista de documentos\u00bb button_alignment=\u00bbcenter\u00bb disabled_on=\u00bbon|on|off\u00bb _builder_version=\u00bb4.11.1&#8243; _dynamic_attributes=\u00bbbutton_url\u00bb _module_preset=\u00bbdefault\u00bb custom_button=\u00bbon\u00bb button_text_size=\u00bb14px\u00bb button_text_color=\u00bb#ff6600&#8243; global_colors_info=\u00bb{}\u00bb][\/et_pb_button][et_pb_button button_url=\u00bb@ET-DC@eyJkeW5hbWljIjp0cnVlLCJjb250ZW50IjoicG9zdF9saW5rX3VybF9wYWdlIiwic2V0dGluZ3MiOnsicG9zdF9pZCI6IjU0MSJ9fQ==@\u00bb button_text=\u00bbVolver a las charlas por temas\u00bb button_alignment=\u00bbcenter\u00bb disabled_on=\u00bbon|on|off\u00bb _builder_version=\u00bb4.11.1&#8243; _dynamic_attributes=\u00bbbutton_url\u00bb _module_preset=\u00bbdefault\u00bb custom_button=\u00bbon\u00bb button_text_size=\u00bb14px\u00bb button_text_color=\u00bb#ff6600&#8243; global_colors_info=\u00bb{}\u00bb][\/et_pb_button][\/et_pb_column][et_pb_column type=\u00bb1_2&#8243; _builder_version=\u00bb4.15&#8243; _module_preset=\u00bbdefault\u00bb global_colors_info=\u00bb{}\u00bb][et_pb_text _builder_version=\u00bb4.15.1&#8243; _module_preset=\u00bbdefault\u00bb text_font=\u00bbMontserrat|500|||||||\u00bb text_font_size=\u00bb14px\u00bb text_line_height=\u00bb1.9em\u00bb width=\u00bb100%\u00bb custom_margin=\u00bb-41px|||||\u00bb custom_padding=\u00bb0px|||||\u00bb global_colors_info=\u00bb{}\u00bb]<\/p>\n<p><strong><\/strong><\/p>\n<p><strong>63\u00b0 EUC: Del <em>Homo sapiens<\/em>\u00a0al\u00a0<em>Homo virtualis\u00a0<\/em>II<\/strong>\u00a0(\u00c1vila 2014)<br \/>&#8211; \u00abTecnolog\u00eda y espiritualidad: el hombre ante Dios hoy\u00bb, D. Aurelio Fern\u00e1ndez<br \/>&#8211; Mesa redonda: \u00ab\u00bfQu\u00e9 me est\u00e1s comunicando?\u00bb, D\u00aa. Lydia Jim\u00e9nez Rodr\u00edguez, D\u00aa Beatriz de Ancos<br \/>&#8211; \u00abDe la conexi\u00f3n a la escucha\u00bb, Mons. Ra\u00fal Berzosa Mart\u00ednez<br \/><strong><\/strong><\/p>\n<p><strong>62\u00b0 EUC: Del <em>Homo sapiens<\/em>\u00a0al\u00a0<em>Homo virtualis<\/em>\u00a0I<\/strong>\u00a0(\u00c1vila 2013)<br \/>&#8211; \u00abEl cerebro digital: desaf\u00edos antropol\u00f3gicos de la Info\u00e9tica\u00bb, D. Agust\u00edn Domingo Moratalla<br \/>&#8211; \u00abRetos educativos del &#8216;continente digital'\u00bb, D. Isidro Catela Marcos<br \/>&#8211; \u00abNeurobiolog\u00eda en la adicci\u00f3n a Internet\u00bb, D. Manuel Buso\u00f1o Garc\u00eda<br \/>&#8211; \u00abRedes sociales, m\u00e1s de una oportunidad\u00bb, D. Javier Visiers Lecanda<\/p>\n<p><strong>61\u00b0 EUC: \u00bfReiventar lo humano? IV<\/strong>\u00a0(\u00c1vila 2013)<br \/>&#8211; \u00abLa verdad del amor humano\u00bb, Mons. Juan Antonio Mart\u00ednez Camino<br \/>&#8211; \u00abLa verdad de los afectos\u00bb, D\u00aa. Sara Gallardo Gonz\u00e1lez<br \/>&#8211; \u00abLa verdad de la mujer\u00bb, D\u00aa. M\u00aa Jos\u00e9 Lucia\u00f1ez<br \/><strong><\/strong><\/p>\n<p><strong>60\u00b0 EUC: \u00bfReiventar lo humano? III<\/strong>\u00a0(\u00c1vila 2012)<br \/>&#8211; \u00abAntropolog\u00eda de la sexualidad\u00bb, D\u00aa. M\u00aa Jos\u00e9 Lucia\u00f1ez<br \/>&#8211; \u00abSexo e identidad personal\u00bb, D\u00aa. M\u00aa Luisa di Pietro<br \/>&#8211; \u00ab\u00bfSe puede educar la sexualidad?\u00bb, D\u00aa. M\u00aa Luisa di Pietro<br \/><strong><\/strong><\/p>\n<p><strong>59\u00b0 EUC: \u00bfReiventar lo humano? II<\/strong>\u00a0(\u00c1vila 2012)<br \/>&#8211; \u00abFronteras del sexo biol\u00f3gico en la transmisi\u00f3n de la vida\u00bb, D\u00aa. Natalia L\u00f3pez Moratalla<br \/>&#8211; \u00abEl ser humano, \u00bfnace o se hace?\u00bb, D. Jos\u00e9 M\u00aa Barrio<br \/>&#8211; \u00abCerebro sexualo y sexual\u00bb, D\u00aa. Natalia L\u00f3pez Moratalla<br \/><strong><\/strong><\/p>\n<p><strong>58\u00b0 EUC: \u00bfReiventar lo humano? I<\/strong>\u00a0(\u00c1vila 2011)<br \/>&#8211; \u00abHombre\/Mujer: \u00bfDiscordia o misterio de comuni\u00f3n?\u00bb, D\u00aa. Lourdes Redondo<br \/>&#8211; \u00abEl g\u00e9nero, una norma pol\u00edtica y cultural global: \u00bfc\u00f3mo descubrir nuestra humanidad?\u00bb,<br \/>D\u00aa. Marguerite Peeters<br \/>&#8211; \u00abDos modelos incompatibles del hombre y la mujer\u00bb, D. Aquilino Polaino<br \/>&#8211; \u00ab\u00bfSe avizora el final del feminismo?\u00bb, D. Aquilino Polaino<\/p>\n<p><strong>57\u00b0 EUC: \u00abUna verdad para vivir III: Intelectuales conversos del s.XX\u00bb\u00a0<\/strong>(\u00c1vila 2011)<strong><br \/><\/strong>&#8211; \u00abLa \u201cJacques Maritain, una vida en confesi\u00f3n de fe\u201d, D. Juan Jes\u00fas \u00c1lvarez<br \/>&#8211; \u201cRen\u00e9 Girard: desde la ciencia a la fe\u201d, D. \u00c1ngel Barahona Plaza<strong><br \/><\/strong>&#8211; \u201cPaul Claudel: literatura, belleza y trascendencia\u201d, D\u00aa. Beatriz de Ancos Morales<strong><br \/><\/strong>&#8211; \u201cAgostino Gemelli: al servicio de la vida\u201d, D\u00aa. M\u00aa Luisa di Pietro<strong><br \/><\/strong><\/p>\n<p><strong>56\u00b0 EUC: \u00abUna verdad para vivir II: Intelectuales conversos del s.XX\u00bb <\/strong>(\u00c1vila 2010)<strong><br \/><\/strong>&#8211; \u00abLa aventura filos\u00f3fica y religiosa de Manuel Garc\u00eda Morente\u00bb, D. Rogelio Rovira<strong><br \/><\/strong>&#8211; \u00abDawson: el buscador de la verdad\u00bb, D. Jos\u00e9 L. Orella<strong><br \/><\/strong>&#8211; \u00abTolkien: una mitolog\u00eda para el siglo XXI\u00bb, D. Pablo Gin\u00e9s<br \/>&#8211; \u00abRobert H. Benson: espiritualismo y profec\u00eda\u00bb, D. Eudaldo Forment<br \/><strong><\/strong><\/p>\n<p><strong>55\u00b0 EUC: \u00abUna verdad para vivir I: Intelectuales conversos del s.XX\u00bb<\/strong>\u00a0(Burgos 2010)<br \/>&#8211; \u00abLa vuelta a Roma: el Movimiento de Oxford\u00bb, D. Jos\u00e9 Morales<br \/>&#8211; \u00abCautivados por la alegr\u00eda\u00bb, D\u00aa. Gabriela Schmidt<br \/>&#8211; \u00abEdith Stein: de la universidad a la fe y de la fe a la universidad\u00bb, D\u00aa. Miriam Ramos<\/p>\n<p><strong>Charlas \u00abEntre Atenas y Jerusal\u00e9n\u00bb <\/strong>(Ciclo de conferencias dadas en la UCM, 2012)<strong><br \/><\/strong>&#8211; \u201cKant y la Biblia\u201d (D. Leonardo Rodriquez Dupl\u00e1)<br \/>&#8211; \u201cLa repercusi\u00f3n filos\u00f3fica y teol\u00f3gica del holocausto\u201d (D. Miguel Garc\u00eda-Bar\u00f3)<br \/>&#8211; \u201cLa aventura filos\u00f3fica y religiosa de Manuel Garc\u00eda Morente\u201d (D. Rogelio Rovira)<strong><br \/><\/strong><\/p>\n<p><strong>54\u00b0 EUC: \u00abCiencia y fe, cuando los clich\u00e9s no dejan ver la realidad\u00bb<\/strong> (Toledo 2009)<\/p>\n<p>&#8211; \u00ab\u00bfConocemos lo que podemos o lo que queremos?\u00bb, D\u00aa. Sara Gallardo<br \/>&#8211; \u00abEl marco hist\u00f3rico-cient\u00edfico de la teor\u00eda de la evoluci\u00f3n\u00bb, D. Nicol\u00e1s Jouve de la Barreda<br \/>&#8211; \u00abGalileo y el Vaticano\u00bb, Mons. Melchor S\u00e1nchez de Toca<br \/>&#8211; \u00abCuando las &#8216;ciencias&#8217; sustituyen a la Filosof\u00eda\u00bb, D\u00aa. Pilar Fern\u00e1ndez Beites<br \/>&#8211; \u00abCiencia y fe cristiana en la historia de las ideas\u00bb, D. Fernando Sols Lucia<br \/>&#8211; \u00abLa evoluci\u00f3n de la &#8216;teor\u00eda de la evoluci\u00f3n&#8217; a la luz de la nueva Biolog\u00eda\u00bb, D. Nicol\u00e1s Jouve de la Barreda<br \/><strong><\/strong><\/p>\n<p><strong>50\u00b0 EUC: \u00abDe la Fe a la Raz\u00f3n\u00bb<\/strong>\u00a0(Valencia 2007)<br \/>&#8211; \u00abEl hombre a la luz de la raz\u00f3n y de la fe\u00bb, D. Eudaldo Forment<br \/>&#8211; \u00abPatolog\u00edas de la raz\u00f3n\u00bb, D. Eduardo Ortiz<br \/>&#8211; \u00abEducar en la verdad: Educaci\u00f3n para la realidad\u00bb, D. Abilio de Gregorio<br \/>&#8211; \u00abPatolog\u00edas de la religi\u00f3n\u00bb, P. Juan Antonio Mart\u00ednez Camino<br \/><strong><\/strong><\/p>\n<p><strong>49\u00b0 EUC: \u00abDe la Raz\u00f3n a la Fe\u00bb<\/strong>\u00a0(Salamanca 2007)<br \/>&#8211; \u00abHacia una raz\u00f3n adulta\u00bb, D\u00aa. Sara Gallardo<\/p>\n<p><strong>52\u00b0 EUC:\u00a0\u00abEl Cristianismo \u00bfla religi\u00f3n verdadera? II\u00bb<\/strong>\u00a0(\u00c1vila 2008)<br \/>&#8211; \u00abEs posible la verdad?\u00bb, D. Jos\u00e9 Manuel Dominguez<br \/>&#8211; \u00abCriterios de verdad en el Cristianismo\u00bb, D. Juan Carlos Carvajal<br \/>&#8211; \u00abActitudes ante la verdad: El fundamentalismo\u00bb, D. Rogelio Rovira<br \/>&#8211; \u00abActitudes ante la verdad: El relativismo\u00bb, D. Eudaldo Forment<br \/>&#8211; \u00abActitudes ante la verdad: El cristianismo\u00bb, D. Pablo Dominguez<br \/><strong><\/strong><\/p>\n<p><strong>51\u00b0 EUC: \u00abEl Cristianismo \u00bfla religi\u00f3n verdadera?\u00bb<\/strong>\u00a0(\u00c1vila 2008)<br \/>&#8211; \u201cEl acceso a Jes\u00fas: la cuesti\u00f3n de las fuentes\u00bb, D. Jorge Juan Fern\u00e1ndez Sangrador<br \/>&#8211; \u00abLas grandes religiones: Juda\u00edsmo, Cristianismo, Islam\u00bb, D\u00aa Martina Granizo<br \/>&#8211; \u00abLas grandes religiones: Juda\u00edsmo, Cristianismo, Islam\u00bb, D. Ram\u00f3n Armegod L\u00f3pez de Roa<br \/>&#8211; \u00abLas grandes religiones: Juda\u00edsmo, Cristianismo, Islam\u00bb, D. Pablo Dom\u00ednguez<\/p>\n<p><strong>53\u00b0 EUC: \u00abTom\u00e1s Morales, una pedagog\u00eda realista\u00bb<\/strong>\u00a0(Salamanca 2009)<br \/>&#8211; \u00abLa pedagog\u00eda perenne: tradici\u00f3n y retos actuales\u00bb, D. Conrad Vilanou<br \/>&#8211; \u00abUn ideal realista en la educaci\u00f3n actual: Fundamentos de la Pedagog\u00eda del P. Tom\u00e1s Morales S.J.\u00bb,<br \/>D\u00aa. M\u00aa Eugenia G\u00f3mez Sierra<br \/>&#8211; \u00abUn ideal realista en la educaci\u00f3n actual: Audacia y personalizaci\u00f3n en la educaci\u00f3n en el P. Morales\u00bb,<br \/>Beatriz de Ancos Morales<br \/>&#8211; \u00ab\u00bfPor qu\u00e9 los j\u00f3venes?\u00bb, D\u00aa. Lydia Jim\u00e9nez (le\u00edda por M\u00aaConsolaci\u00f3n Isart)<br \/><strong><\/strong><\/p>\n<p><strong>48\u00b0 EUC: \u00abJavier: Universidad y Misi\u00f3n\u00bb\u00a0<\/strong>(Javier 2006)<br \/>&#8211; \u00abJavier: Universitario y Misionero\u00bb, D\u00aa. Lydia Jimenez<br \/>&#8211; \u00abLa inquietud de Javier: Dominus Iesus\u00bb, P. Juan Antonio Martinez Camino<\/p>\n<p>[\/et_pb_text][\/et_pb_column][\/et_pb_row][\/et_pb_section][et_pb_section fb_built=\u00bb1&#8243; fullwidth=\u00bbon\u00bb _builder_version=\u00bb4.15&#8243; _module_preset=\u00bbdefault\u00bb global_colors_info=\u00bb{}\u00bb][\/et_pb_section]<\/p>\n","protected":false},"excerpt":{"rendered":"<p>Lista de conferencias85\u00b0 EUC: Por qu\u00e9 lo cl\u00e1sico es siempre trending\u00a0(\u00c1vila febrero 2025) &#8211;\u00a0 \u00abPor qu\u00e9 todos los caminos llevan a&#8230; las Humanidades\u00bb, por Dra. Sara Gallardo- \u00abHumanidades o Medicina, \u00bfamigas o enemigas?\u00bb, por Dr. Antonio Pardo Caballos 84\u00b0 EUC: Maternidad y paternidad \u00bfcuesti\u00f3n de modas? (Toledo octubre 2024)- \u00abNo nos dio a luz un [&hellip;]<\/p>\n","protected":false},"author":2,"featured_media":0,"parent":0,"menu_order":0,"comment_status":"closed","ping_status":"closed","template":"","meta":{"_et_pb_use_builder":"on","_et_pb_old_content":"","_et_gb_content_width":""},"_links":{"self":[{"href":"https:\/\/asociacioneuc.org\/index.php\/wp-json\/wp\/v2\/pages\/476"}],"collection":[{"href":"https:\/\/asociacioneuc.org\/index.php\/wp-json\/wp\/v2\/pages"}],"about":[{"href":"https:\/\/asociacioneuc.org\/index.php\/wp-json\/wp\/v2\/types\/page"}],"author":[{"embeddable":true,"href":"https:\/\/asociacioneuc.org\/index.php\/wp-json\/wp\/v2\/users\/2"}],"replies":[{"embeddable":true,"href":"https:\/\/asociacioneuc.org\/index.php\/wp-json\/wp\/v2\/comments?post=476"}],"version-history":[{"count":70,"href":"https:\/\/asociacioneuc.org\/index.php\/wp-json\/wp\/v2\/pages\/476\/revisions"}],"predecessor-version":[{"id":2677,"href":"https:\/\/asociacioneuc.org\/index.php\/wp-json\/wp\/v2\/pages\/476\/revisions\/2677"}],"wp:attachment":[{"href":"https:\/\/asociacioneuc.org\/index.php\/wp-json\/wp\/v2\/media?parent=476"}],"curies":[{"name":"wp","href":"https:\/\/api.w.org\/{rel}","templated":true}]}}